9 = r. Is g a prime number?
False
Suppose 1021*y - 456421 = 1016*y + 3*b, 2*b - 91279 = -y. Is y a composite number?
False
Let w(b) = 10 - 5 + 41 + 529*b. Is w(7) prime?
False
Suppose 8*b - 55 = 7*b. Suppose -x - 38 = -4*o, -8 = -4*o - 0*o. Let k = x + b. Is k a composite number?
True
Let r(g) = 2*g - 9. Let h be r(6). Suppose -3*c + h*z = -5*c + 4652, -z = 5*c - 11617. Is c a composite number?
True
Let s = -30 + 33. Is 40362/126 - 4/s a prime number?
False
Let i(o) = 416*o**2 - 11*o - 1. Let u be i(10). Suppose -2*d + 3*a + 16588 = 0, 9*d = 14*d + 2*a - u. Is d a prime number?
True
Suppose u = 4*f - 376 - 567, -1187 = -5*f + 4*u. Let g = f - -204. Is g composite?
False
Let c be 24/(-96) - (-18)/8. Suppose d - 4*p = 525, 4*d + c*p - 2154 = -0*d. Is d a composite number?
True
Suppose 15 = 2*g - r - 4*r, 0 = -2*g - 3*r + 55. Suppose -4*l + g = 0, 849 = 3*h - 5*l - 3071. Is h a prime number?
False
Suppose -1817289 = 6500*t - 6509*t. Is t composite?
True
Let c(x) = 12*x**2 - 13*x - 5. Suppose 5*s = 26 + 89. Let w = s + -11. Is c(w) a prime number?
True
Is (25 + -121)/24*(-8111)/4 composite?
False
Let k = -45 - -3. Let r = 46 + k. Suppose r*d = -2*b + 10194, b + 5*d - 15286 = -2*b. Is b a prime number?
True
Let s(f) = 451*f - 81. Let y be s(-13). Let k = 9163 - y. Is k prime?
True
Suppose 4*m = -5*b + 113, 3 = -b + m + 22. Suppose -8*s - 53547 = -b*s. Is s prime?
False
Let p be 10/(-35) + 30/7. Suppose -3*b - p*r = b - 15596, 2*b = -r + 7800. Suppose 3*g - 5*x = -7*x + b, 3*x + 3891 = 3*g. Is g a prime number?
False
Suppose 3*t - 4*y = 239025, -2*t - 3*y + 78824 + 80509 = 0. Is t a prime number?
False
Suppose -36*d + 852 = -10776. Is d a composite number?
True
Let z be (-59)/(-59) - (323 + 0 + 0). Is z/21*30/(-4) prime?
False
Suppose -49*w = -61*w + 36. Is (w + 56)*(-5 + -4)/(-3) a composite number?
True
Let o = 216 - 213. Suppose 2*f - o*w = 9719, w - 8128 = 5*f - 32432. Is f a composite number?
False
Let n = -15 + 50. Let l = -31 + n. Suppose 4*w + l*w - 15208 = 0. Is w prime?
True
Let i(q) = -89*q**3 + 25*q**2 + 84*q - 5. Is i(-4) composite?
True
Let k be 4/(-6) - (-5 + 391044/(-18)). Suppose -4188 = -9*j - k. Let h = -1318 - j. Is h prime?
True
Let o = -201691 + 712842. Is o prime?
True
Let t(b) = 32*b - 163. Let d be t(4). Let l = 708 - d. Is l prime?
True
Let o = 1321 + 10638. Is o prime?
True
Let g be (-1 - (-58)/10) + (-13)/(-65). Suppose -6 = 2*v, -3*v + 0*v = -g*q + 43194. Is q composite?
True
Let a(l) = 103*l - 21. Let s be (-10)/5 + 1 + -2 + 6. Suppose s*m + 6*n = 4*n + 14, 2*n + 10 = m. Is a(m) prime?
False
Let h = 31361 - 640. Suppose h = 3*x - 11108. Is x prime?
False
Suppose 0 = -5*q - 42*l + 37*l + 308065, -184839 = -3*q - 4*l. Is q prime?
True
Let k = 7 - 7. Suppose -5*l - 22 = -r, 0 = 3*r - 4*l + 14 - 36. Suppose 0*m = 2*m + j - 1816, 4*m - r*j - 3624 = k. Is m prime?
True
Let w(u) = -2591*u**2 - 8 - 17*u + 2635*u**2 - 20. Is w(9) a composite number?
True
Suppose 0 = 4*f - l - 7, -3*f + 3*l = 2*f. Let j be (-8)/(-1 + -3) + f. Suppose -o - 5 = 0, 4*h - j*o - 2568 = 2901. Is h composite?
False
Let l(w) = 6*w**2 + 311*w + 722. Is l(-105) a prime number?
True
Let s be -38*(-19)/2 + -3 + -1. Let d = 178 - s. Let q = d + 486. Is q prime?
True
Suppose -4*r - 47*f = -48*f - 267284, 0 = f. Is r a prime number?
True
Let o(c) = -27*c + 4391. Is o(0) prime?
True
Suppose -58*h - 18 = -64*h. Let k(u) = 263*u**2 - 5*u + 11. Is k(h) composite?
True
Let m = -75605 + 110422. Is m a prime number?
False
Suppose -4*f + 4*g + 18944 = 0, -2*f - 13*g + 9484 = -11*g. Let v = f + -2108. Is v composite?
True
Suppose 541*m - 543*m = -9432. Suppose 1652 = -3*t - v + 5179, -4*t = -2*v - m. Is t a prime number?
False
Let d(h) = 2937*h**2 - 20*h - 4. Is d(-3) a prime number?
True
Let p(d) = 11*d**2 - 242*d - 74. Is p(-43) a prime number?
True
Let b be 13428/(-6)*42/(-12). Suppose 4*p + 1229 = b. Is p a composite number?
True
Suppose 4*s - 388 = -120. Let m = s + -59. Is (-6)/(-24) - (-6518)/m a composite number?
True
Let k be (-2)/18*-37 - 3/27. Suppose 0*m - 5*m = -k*p - 10783, 3*m - 3*p = 6468. Is m prime?
False
Let j(r) = 6*r**3 - r**2. Suppose -5*u + 0*u + 5 = 0. Let y be j(u). Suppose n + 4*n + y*w = 6805, 0 = n - w - 1361. Is n a prime number?
True
Is (8 + (-270)/36)/((-1)/(-76226)) prime?
True
Suppose m - 10*m = -72. Let k be 0 + 64468/2*m/16. Suppose -4*a + k = -7399. Is a a composite number?
False
Let s = -954961 + 2128304. Is s a composite number?
False
Suppose 2*o + 4 - 8 = 0. Suppose b - 12 = 3*l, 0 = -2*b - 2*b + 4*l + 24. Suppose -4314 = -2*v + 4*z, -3*v - o*z = -b*z - 6476. Is v prime?
False
Let y be (-24)/(-20)*(-10)/(-4). Let s be (4/(-10))/(y - 124/40). Suppose s*d + 2*v = 74, 9*v - 4*v + 25 = 0. Is d a prime number?
False
Suppose 4*m + 4*b = 4, 5*m - 3*b - 28 = 1. Suppose -i = -0*i - 5*n - 6613, -3*i - m*n = -19877. Suppose -2*z + i = 5*o + 308, -o - 5*z = -1286. Is o prime?
False
Let u be 1/3*(-84)/(126/9). Let x(y) = 825*y**2 + 8*y + 15. Is x(u) prime?
True
Is (-23 - 8495379/(-18)) + (-18)/(-4) composite?
True
Let g be (-1 - (-6 - -3)) + (-8)/(-4). Suppose -23 = -g*i - 3*f - 4, 2*f - 5 = 5*i. Is ((-3)/9)/(4/(-10524)*i) a composite number?
False
Let c(x) = -x**3 - 8*x**2 - 8*x - 4. Let k be c(-7). Suppose -k*j = 4*b + 7, 6 = 2*j - b + 29. Let n(d) = -109*d - 26. Is n(j) a prime number?
False
Suppose 161*q = k + 162*q - 147816, q = 2*k - 295635. Is k a composite number?
True
Let o = -23475 + 140368. Is o composite?
True
Let b = -9607 + -8707. Let d = -12027 - b. Is d prime?
True
Let r(b) = 5114*b + 917. Is r(24) composite?
False
Suppose -3*x = k + 12, 15 - 3 = k - 3*x. Let z be (-12)/(-15) - 196/(-5). Suppose k = -z*w + 45*w - 2495. Is w a composite number?
False
Let j = -1487 - -1527. Let z = 124 + -211. Let v = j - z. Is v prime?
True
Let r(j) be the first derivative of -j**4/4 + 7*j**3 - 8*j**2 - 11*j - 14. Suppose 5*b - 4*v = 94, -2*v + 6*v + 22 = b. Is r(b) a composite number?
False
Let g(q) = q**3 - 16*q**2 + 32*q - 63. Let h be g(14). Let l(p) = -1535*p - 58. Is l(h) a prime number?
True
Suppose 3*a = 2*x + 2*x - 19, -4*a + 8 = 3*x. Suppose 27248 + 8461 = 5*k - 4*h, -x*k = 5*h - 28559. Is k prime?
False
Is ((-6211408)/744)/(0 + (-6)/9) a prime number?
False
Suppose g + 27*b - 204815 = 24*b, 2*b - 409614 = -2*g. Is g a prime number?
True
Let g = -14 + 162. Suppose 3*y - z = 990, 0 = -4*y - 6*z + z + 1339. Let i = g + y. Is i a prime number?
True
Let o(u) be the third derivative of 7*u**6/40 + u**5/12 - 7*u**4/24 + 7*u**3/6 + 108*u**2. Is o(5) a composite number?
True
Suppose o = -4*s + 16, -4*o + o - 2*s + 8 = 0. Suppose -4*q - 2*g + 14 = -o*g, -3*q + 12 = 3*g. Suppose q*z = m + 4743 - 1978, -3*z = -4*m - 2771. Is z prime?
False
Let g = -10093 + 6932. Let d = g + 11824. Is d prime?
True
Suppose 3*h = -4*w - 7, 4*h + 24 = 2*w - 0*h. Let l(b) = b**3 - b**2 + 5*b - 2. Let y be l(w). Suppose 0 = -4*o + 5*p + 2601 + 290, -4*p = y. Is o composite?
False
Let p(w) = w**3 - w. Let a(f) be the second derivative of 11*f**5/10 + f**4/12 - f**3 + 2*f**2 + 3*f. Let t(b) = a(b) - 4*p(b). Is t(3) prime?
False
Let n(z) = -354*z**2 - 3*z - 7. Let d be n(-3). Let m = d + 6111. Is m a prime number?
True
Let i(j) = 69*j**2 + 10 + 10*j - 29*j + 11*j. Is i(4) a composite number?
True
Suppose 4*n - 112787 = -j, 56443 = 45*n - 43*n - 5*j. Is n prime?
False
Let x(b) = 28*b**2 - 16*b - 3. Suppose 4*j + 5*z = 2*j - 106, -203 = 5*j - 3*z. Let s = 36 + j. Is x(s) composite?
False
Suppose -u = 5*p - 9*p + 7, -3*u = 2*p - 7. Suppose -5967 = -3*g - p*k, -7939 = -2*g - 2*g + 3*k. Is g a composite number?
False
Let k(g) = g**2 - 23*g + 31. Let i be k(22). Suppose -m - i = -45. Is ((-204)/m)/((-1)/6) a prime number?
False
Let x(l) = 22*l**2 - 10*l. Let n(v) = 21*v**2 - 9*v - 1. Let c(j) = 3*n(j) - 2*x(j). Let r be c(-13). Let t = r + -1954. Is t prime?
False
Suppose 5*a - 2*s + 14 = -s, 5*a + 10 = 5*s. Let h(w) = -131*w + 26. Is h(a) a composite number?
False
Suppose 9*u = -70*u + 9*u + 4359110. Is u a prime number?
True
Let w(s) = s**3 + 7*s**2 + 6*s + 4. Let h be w(-6). Suppose -796 + 824 = 7*k. Suppose 297 = h*c + 3*j - 262, -k*c + 3*j + 553 = 0. Is c prime?
True
Suppose -n - 2*w = -14999, -10*w = -n - 11*w + 14993. Is n a composite number?
True
Suppose -6*b + 2*b